{"id":2,"date":"2015-04-02T08:25:31","date_gmt":"2015-04-02T08:25:31","guid":{"rendered":"http:\/\/www.mt765.com\/?page_id=2"},"modified":"2015-04-13T16:47:31","modified_gmt":"2015-04-13T16:47:31","slug":"pagina-ejemplo","status":"publish","type":"page","link":"https:\/\/www.mt765.com\/?page_id=2","title":{"rendered":"Qui som"},"content":{"rendered":"<blockquote><p><strong>Manufacturas 765, SA<\/strong> t\u00e9 els seus or\u00edgens l&#8217;any 1971<\/p><\/blockquote>\n<p><strong>Manufacturas 765, SA<\/strong> t\u00e9 els seus or\u00edgens l&#8217;any 1971 com una f\u00e0brica orientada a la fabricaci\u00f3 de teixits industrials.<\/p>\n<p>A mitjans dels anys 80 es produeix un canvi d&#8217;orientaci\u00f3 comercial degut a les noves tend\u00e8ncies de mercat i es fan fortes inversions en maquin\u00e0ria amb la finalitat de poder-nos adaptar a les noves exig\u00e8ncies d&#8217;altres sectors com el pr\u00eat a porter, l&#8217;esport actiu, bany, llenceria, corseteria i tot tipus de teixits d&#8217;aplicacions t\u00e8cniques.<\/p>\n<p>El nostre actiu m\u00e9s important s\u00f3n els nostres clients, en especial els principals fabricants europeus que confien en nosaltres per al desenvolupament i fabricaci\u00f3 dels seus productes.<\/p>\n","protected":false},"excerpt":{"rendered":"<div class=\"entry-summary\">\n<div class=\"entry-summary\">\nManufacturas 765, SA t\u00e9 els seus or\u00edgens l&#8217;any 1971 Manufacturas 765, SA&hellip;\n<\/div>\n<div class=\"link-more\"><a href=\"https:\/\/www.mt765.com\/?page_id=2\" class=\"more-link\">Seguir leyendo<span class=\"screen-reader-text\"> &ldquo;Qui som&rdquo;<\/span>&hellip;<\/a><\/div>\n<\/div>\n<div class=\"link-more\"><a href=\"https:\/\/www.mt765.com\/?page_id=2\" class=\"more-link\">Seguir leyendo<span class=\"screen-reader-text\"> &ldquo;Qui som&rdquo;<\/span>&hellip;<\/a><\/div>\n","protected":false},"author":1,"featured_media":0,"parent":0,"menu_order":0,"comment_status":"closed","ping_status":"closed","template":"page-template\/_fullwidth.php","meta":{"footnotes":""},"_links":{"self":[{"href":"https:\/\/www.mt765.com\/index.php?rest_route=\/wp\/v2\/pages\/2"}],"collection":[{"href":"https:\/\/www.mt765.com\/index.php?rest_route=\/wp\/v2\/pages"}],"about":[{"href":"https:\/\/www.mt765.com\/index.php?rest_route=\/wp\/v2\/types\/page"}],"author":[{"embeddable":true,"href":"https:\/\/www.mt765.com\/index.php?rest_route=\/wp\/v2\/users\/1"}],"replies":[{"embeddable":true,"href":"https:\/\/www.mt765.com\/index.php?rest_route=%2Fwp%2Fv2%2Fcomments&post=2"}],"version-history":[{"count":7,"href":"https:\/\/www.mt765.com\/index.php?rest_route=\/wp\/v2\/pages\/2\/revisions"}],"predecessor-version":[{"id":174,"href":"https:\/\/www.mt765.com\/index.php?rest_route=\/wp\/v2\/pages\/2\/revisions\/174"}],"wp:attachment":[{"href":"https:\/\/www.mt765.com\/index.php?rest_route=%2Fwp%2Fv2%2Fmedia&parent=2"}],"curies":[{"name":"wp","href":"https:\/\/api.w.org\/{rel}","templated":true}]}}