{"id":20,"date":"2015-04-02T10:29:24","date_gmt":"2015-04-02T10:29:24","guid":{"rendered":"http:\/\/www.mt765.com\/?page_id=20"},"modified":"2015-05-07T14:46:58","modified_gmt":"2015-05-07T14:46:58","slug":"avis-legal","status":"publish","type":"page","link":"https:\/\/www.mt765.com\/?page_id=20","title":{"rendered":"Av\u00eds legal"},"content":{"rendered":"<p class=\"Estilo1\" align=\"center\"><span class=\"Estilo2\"><span class=\"Estilo3\">Av\u00eds legal \/ protecci\u00f3 de dades<\/span><\/span><\/p>\n<p class=\"Estilo4\" align=\"justify\">1. <span style=\"text-decoration: underline;\">Informaci\u00f3 per a donar Compliment a la Llei 34\/2002 d&#8217;11 de Juliol (Art. 9 y 10)<\/span><br \/>\nTitular: MANUFACTURAS TEXTILES 7-6-5, S.A. &#8211; CAMPMANY<br \/>\nDirecci\u00f3:<span lang=\"ca\" xml:lang=\"ca\">Manuel Ventura Campeny, 4 &#8211; 08339 Vilassar de Dalt (Barcelona)<\/span><br \/>\nContacte: <span lang=\"ca\" xml:lang=\"ca\"><a href=\"mailto:campmany@mt765.com\" target=\"_blank\">campmany@mt765.com<\/a><\/span><br \/>\nNIF: A08556110<\/p>\n<p>2. <span style=\"text-decoration: underline;\">Propietat Intel.lectual<\/span><\/p>\n<p class=\"Estilo4\" align=\"justify\">Els textos, imatges, sons, animacions, programari i la resta de continguts inclosos en www.mt765.com s\u00f3n propietat exclusiva de MANUFACTURAS TEXTILES 765 &#8211; CAMPMANY o dels seus propietaris. Qualsevol acte de transmissi\u00f3, distribuci\u00f3, cessi\u00f3, reproducci\u00f3, emmagatzament o comunicaci\u00f3 p\u00fablica total o parcial, ha de contar amb el consentiment expresso de MANUFACTURAS TEXTILES 765 &#8211; CAMPMANY.<br \/>\nMANUFACTURAS TEXTILES 765 &#8211; CAMPMANY no pot assumir cap responsabilitat derivada de l&#8217;\u00fas incorrecte, inadequat o il\u00b7l\u00edcit de la informaci\u00f3 apareguda en les p\u00e0gines d&#8217;Internet de www.mt765.com. Amb els l\u00edmits establerts en la llei, MANUFACTURAS TEXTILES 765 &#8211; CAMPMANY no assumeix cap responsabilitat derivada de la falta de veracitat, integritat, actualitzaci\u00f3 i precisi\u00f3 de les dades o informacions que es contenen en les seves p\u00e0gines d&#8217;Internet. Els continguts i informaci\u00f3 de les p\u00e0gines web de MANUFACTURAS TEXTILES 765 &#8211; CAMPMANY s\u00f3n continguts oferts amb un car\u00e0cter informatiu i divulgatiu. Les p\u00e0gines d&#8217;Internet de MANUFACTURAS TEXTILES 765 &#8211; CAMPMANY poden contenir enlla\u00e7os (links) a altres p\u00e0gines de tercers que MANUFACTURAS TEXTILES 765 &#8211; CAMPMANY no pot controlar. Per tant, MANUFACTURAS TEXTILES 765 &#8211; CAMPMANY no pot assumir responsabilitats pel contingut que pugui apar\u00e8ixer en les p\u00e0gines de tercers.<\/p>\n<p>3. <span style=\"text-decoration: underline;\">Llei de Protecci\u00f3 de Dades (Llei Org\u00e0nica 15\/1999 de 13 de decembre)<\/span><\/p>\n<p>Per a poder accedir en alguns serveis que www.mt765.com ofereix a trav\u00e9s del website deur\u00e0 proporcionar alguns de les seves dades de car\u00e0cter personal. En compliment de l&#8217;establert en la Llei Org\u00e0nica 15\/1999, de 13 de desembre, de Protecci\u00f3 de Dades de Car\u00e0cter Personal informem que, mitjan\u00e7ant l&#8217;emplenament dels formularis, les seves dades personals quedaran incorporats i tractats en un fitxer, propietat de MANUFACTURAS TEXTILES 765 &#8211; CAMPMANY amb la finalitat de prestar serveis o vendes (degudament descrits) i per a comunicar-li qualsevol informaci\u00f3 comercial que MANUFACTURAS TEXTILES 765 &#8211; CAMPMANY cregui oport\u00fa que sigui del seu inter\u00e8s. En cap cas, les seves dades seran cedides a tercers. Aix\u00ed mateix, comuniquem la possibilitat d&#8217;exercir els drets d&#8217;acc\u00e9s, rectificaci\u00f3, cancel\u00b7laci\u00f3 i oposici\u00f3 de les seves dades de car\u00e0cter personal, a <a href=\"mailto:campmany@mt765.com\" target=\"_blank\">campmany@mt765.com<\/a> o b\u00e9 per escrit a MANUFACTURAS TEXTILES 765 &#8211; CAMPMANY <span lang=\"ca\" xml:lang=\"ca\">Manuel Ventura Campeny, 4 &#8211; 08339 Vilassar de Dalt (Barcelona)<\/span>.<\/p>\n<p class=\"Estilo4\" align=\"justify\"><span style=\"text-decoration: underline;\">3. \u00das del servei i responsabilitats<\/span><\/p>\n<p class=\"Estilo4\" align=\"justify\">MANUFACTURAS TEXTILES 765 &#8211; CAMPMANY no garanteix la disponibilitat permanent dels serveis, quedant exonerada per qualsevol tipus de responsabilitat per possibles danys i perjudicis causats a causa de la indisponibilitat del servei per causes de for\u00e7a major o errors en les xarxes telem\u00e0tiques de transfer\u00e8ncia de dades, aliens a la seva voluntat.<span class=\"Estilo4\">\u00a0<\/span><\/p>\n<div class=\"Estilo4\" align=\"justify\">\n<div id=\"edukiontzi\">El present Av\u00eds Legal s&#8217;interpretar\u00e0 d&#8217;acord amb les Lleis del Regne d&#8217;Espanya.<\/div>\n<\/div>\n","protected":false},"excerpt":{"rendered":"<div class=\"entry-summary\">\n<div class=\"entry-summary\">\nAv\u00eds legal \/ protecci\u00f3 de dades 1. Informaci\u00f3 per a donar Compliment&hellip;\n<\/div>\n<div class=\"link-more\"><a href=\"https:\/\/www.mt765.com\/?page_id=20\" class=\"more-link\">Seguir leyendo<span class=\"screen-reader-text\"> &ldquo;Av\u00eds legal&rdquo;<\/span>&hellip;<\/a><\/div>\n<\/div>\n<div class=\"link-more\"><a href=\"https:\/\/www.mt765.com\/?page_id=20\" class=\"more-link\">Seguir leyendo<span class=\"screen-reader-text\"> &ldquo;Av\u00eds legal&rdquo;<\/span>&hellip;<\/a><\/div>\n","protected":false},"author":1,"featured_media":0,"parent":0,"menu_order":0,"comment_status":"closed","ping_status":"closed","template":"page-template\/_fullwidth.php","meta":{"footnotes":""},"_links":{"self":[{"href":"https:\/\/www.mt765.com\/index.php?rest_route=\/wp\/v2\/pages\/20"}],"collection":[{"href":"https:\/\/www.mt765.com\/index.php?rest_route=\/wp\/v2\/pages"}],"about":[{"href":"https:\/\/www.mt765.com\/index.php?rest_route=\/wp\/v2\/types\/page"}],"author":[{"embeddable":true,"href":"https:\/\/www.mt765.com\/index.php?rest_route=\/wp\/v2\/users\/1"}],"replies":[{"embeddable":true,"href":"https:\/\/www.mt765.com\/index.php?rest_route=%2Fwp%2Fv2%2Fcomments&post=20"}],"version-history":[{"count":4,"href":"https:\/\/www.mt765.com\/index.php?rest_route=\/wp\/v2\/pages\/20\/revisions"}],"predecessor-version":[{"id":247,"href":"https:\/\/www.mt765.com\/index.php?rest_route=\/wp\/v2\/pages\/20\/revisions\/247"}],"wp:attachment":[{"href":"https:\/\/www.mt765.com\/index.php?rest_route=%2Fwp%2Fv2%2Fmedia&parent=20"}],"curies":[{"name":"wp","href":"https:\/\/api.w.org\/{rel}","templated":true}]}}