{"id":229,"date":"2015-05-06T16:52:39","date_gmt":"2015-05-06T16:52:39","guid":{"rendered":"http:\/\/www.mt765.com\/?page_id=229"},"modified":"2015-05-06T16:52:39","modified_gmt":"2015-05-06T16:52:39","slug":"instalaciones","status":"publish","type":"page","link":"https:\/\/www.mt765.com\/?page_id=229","title":{"rendered":"Instalaciones"},"content":{"rendered":"<div id=\"metaslider-id-36\" style=\"width: 100%;\" class=\"ml-slider-3-108-0 metaslider metaslider-nivo metaslider-36 ml-slider has-dots-nav ms-theme-default\" role=\"region\" aria-label=\"Instal\u00b7lacions\" data-height=\"500\" data-width=\"1400\">\n    <div id=\"metaslider_container_36\">\n        <div class='slider-wrapper theme-default'><div class='ribbon'><\/div><div id='metaslider_36' class='nivoSlider'><img loading=\"lazy\" decoding=\"async\" src=\"https:\/\/www.mt765.com\/wp-content\/uploads\/2015\/05\/DSC_0017-1100x392.jpg\" height=\"500\" width=\"1400\" alt=\"\" class=\"slider-36 slide-486 msDefaultImage\" \/><img loading=\"lazy\" decoding=\"async\" src=\"https:\/\/www.mt765.com\/wp-content\/uploads\/2015\/05\/DSC_0018-1100x392.jpg\" height=\"500\" width=\"1400\" alt=\"\" class=\"slider-36 slide-487 msDefaultImage\" \/><img loading=\"lazy\" decoding=\"async\" src=\"https:\/\/www.mt765.com\/wp-content\/uploads\/2015\/04\/IMG_4206-1400x500.jpg\" height=\"500\" width=\"1400\" alt=\"\" class=\"slider-36 slide-190 msDefaultImage\" \/><img loading=\"lazy\" decoding=\"async\" src=\"https:\/\/www.mt765.com\/wp-content\/uploads\/2015\/05\/DSC_0033-1100x392.jpg\" height=\"500\" width=\"1400\" alt=\"\" class=\"slider-36 slide-501 msDefaultImage\" \/><img loading=\"lazy\" decoding=\"async\" src=\"https:\/\/www.mt765.com\/wp-content\/uploads\/2015\/06\/2-2-e1435917056131-638x227.jpg\" height=\"500\" width=\"1400\" alt=\"\" class=\"slider-36 slide-562 msDefaultImage\" \/><\/div><\/div>\n        \n    <\/div>\n<\/div>\n<hr \/>\n<p>&nbsp;<\/p>\n<p>Hoy, la empresa cuenta con un parque de m\u00e1s de 70 m\u00e1quinas circulares con una capacidad de producci\u00f3n de m\u00e1s de 5 millones de metros\/a\u00f1o que abarcan des de la galga 7 a la 44 y que cubren todas las \u00e1reas del mercado.<\/p>\n<p>Aplicamos la tecnolog\u00eda para ofrecer una fabricaci\u00f3n m\u00e1s ecol\u00f3gica y segura puesto que nuestras instalaciones cuentan con un moderno sistema de filtraje de las filetas para evitar cualquier tipo de contaminaci\u00f3n.<\/p>\n","protected":false},"excerpt":{"rendered":"<div class=\"entry-summary\">\n<div class=\"entry-summary\">\n&nbsp; Hoy, la empresa cuenta con un parque de m\u00e1s de 70&hellip;\n<\/div>\n<div class=\"link-more\"><a href=\"https:\/\/www.mt765.com\/?page_id=229\" class=\"more-link\">Seguir leyendo<span class=\"screen-reader-text\"> &ldquo;Instalaciones&rdquo;<\/span>&hellip;<\/a><\/div>\n<\/div>\n<div class=\"link-more\"><a href=\"https:\/\/www.mt765.com\/?page_id=229\" class=\"more-link\">Seguir leyendo<span class=\"screen-reader-text\"> &ldquo;Instalaciones&rdquo;<\/span>&hellip;<\/a><\/div>\n","protected":false},"author":1,"featured_media":0,"parent":0,"menu_order":0,"comment_status":"closed","ping_status":"closed","template":"page-template\/_fullwidth.php","meta":{"footnotes":""},"_links":{"self":[{"href":"https:\/\/www.mt765.com\/index.php?rest_route=\/wp\/v2\/pages\/229"}],"collection":[{"href":"https:\/\/www.mt765.com\/index.php?rest_route=\/wp\/v2\/pages"}],"about":[{"href":"https:\/\/www.mt765.com\/index.php?rest_route=\/wp\/v2\/types\/page"}],"author":[{"embeddable":true,"href":"https:\/\/www.mt765.com\/index.php?rest_route=\/wp\/v2\/users\/1"}],"replies":[{"embeddable":true,"href":"https:\/\/www.mt765.com\/index.php?rest_route=%2Fwp%2Fv2%2Fcomments&post=229"}],"version-history":[{"count":1,"href":"https:\/\/www.mt765.com\/index.php?rest_route=\/wp\/v2\/pages\/229\/revisions"}],"predecessor-version":[{"id":230,"href":"https:\/\/www.mt765.com\/index.php?rest_route=\/wp\/v2\/pages\/229\/revisions\/230"}],"wp:attachment":[{"href":"https:\/\/www.mt765.com\/index.php?rest_route=%2Fwp%2Fv2%2Fmedia&parent=229"}],"curies":[{"name":"wp","href":"https:\/\/api.w.org\/{rel}","templated":true}]}}