{"id":694,"date":"2017-09-25T13:38:50","date_gmt":"2017-09-25T11:38:50","guid":{"rendered":"http:\/\/www.mt765.com\/?page_id=694"},"modified":"2019-10-24T12:55:21","modified_gmt":"2019-10-24T10:55:21","slug":"post-694","status":"publish","type":"page","link":"https:\/\/www.mt765.com\/?page_id=694","title":{"rendered":"CERTIFICAT OEKO-TEX"},"content":{"rendered":"<pre><code><a href=\"wp-content\/uploads\/2019\/10\/OEKO-TEX-1.png\" download=\"\">T\u00e9lecharger le certificat OEKO-TEX en espagnol<\/a><\/code> <a href=\"wp-content\/uploads\/2019\/10\/OEKO-TEX-1.png\" download=\"\"><img loading=\"lazy\" decoding=\"async\" src=\"wp-content\/uploads\/2019\/10\/OEKO-TEX-1.png\" alt=\"\" width=\"632\" height=\"870\" \/><\/a><\/pre>\n<pre><code><a href=\"wp-content\/uploads\/2019\/10\/OEKO-TEX-2.png\" download=\"\">T\u00e9l\u00e9charger le certificat OEKO-TEX en anglais<\/a><\/code> <a href=\"wp-content\/uploads\/2019\/10\/OEKO-TEX-2.png\" download=\"\"><img loading=\"lazy\" decoding=\"async\" src=\"wp-content\/uploads\/2019\/10\/OEKO-TEX-2.png\" alt=\"\" width=\"632\" height=\"870\" \/><\/a><\/pre>\n","protected":false},"excerpt":{"rendered":"<div class=\"entry-summary\">\n<div class=\"entry-summary\">\nT\u00e9lecharger le certificat OEKO-TEX en espagnol T\u00e9l\u00e9charger le certificat OEKO-TEX en anglais\n<\/div>\n<div class=\"link-more\"><a href=\"https:\/\/www.mt765.com\/?page_id=694\" class=\"more-link\">Seguir leyendo<span class=\"screen-reader-text\"> &ldquo;CERTIFICAT OEKO-TEX&rdquo;<\/span>&hellip;<\/a><\/div>\n<\/div>\n<div class=\"link-more\"><a href=\"https:\/\/www.mt765.com\/?page_id=694\" class=\"more-link\">Seguir leyendo<span class=\"screen-reader-text\"> &ldquo;CERTIFICAT OEKO-TEX&rdquo;<\/span>&hellip;<\/a><\/div>\n","protected":false},"author":1,"featured_media":0,"parent":0,"menu_order":0,"comment_status":"closed","ping_status":"closed","template":"","meta":{"footnotes":""},"_links":{"self":[{"href":"https:\/\/www.mt765.com\/index.php?rest_route=\/wp\/v2\/pages\/694"}],"collection":[{"href":"https:\/\/www.mt765.com\/index.php?rest_route=\/wp\/v2\/pages"}],"about":[{"href":"https:\/\/www.mt765.com\/index.php?rest_route=\/wp\/v2\/types\/page"}],"author":[{"embeddable":true,"href":"https:\/\/www.mt765.com\/index.php?rest_route=\/wp\/v2\/users\/1"}],"replies":[{"embeddable":true,"href":"https:\/\/www.mt765.com\/index.php?rest_route=%2Fwp%2Fv2%2Fcomments&post=694"}],"version-history":[{"count":6,"href":"https:\/\/www.mt765.com\/index.php?rest_route=\/wp\/v2\/pages\/694\/revisions"}],"predecessor-version":[{"id":724,"href":"https:\/\/www.mt765.com\/index.php?rest_route=\/wp\/v2\/pages\/694\/revisions\/724"}],"wp:attachment":[{"href":"https:\/\/www.mt765.com\/index.php?rest_route=%2Fwp%2Fv2%2Fmedia&parent=694"}],"curies":[{"name":"wp","href":"https:\/\/api.w.org\/{rel}","templated":true}]}}